a - 14b?
2bc
In base 5, what is -1330332 + 223?
-1330104
In base 8, what is 4 + -26312?
-26306
In base 3, what is 12 + 2012212211100?
2012212211112
In base 10, what is 177 + 817?
994
In base 4, what is 1111 - 22003?
-20232
In base 5, what is 21 + -40220?
-40144
In base 3, what is -11210 - -1202211?
1121001
In base 10, what is 2 - -354244?
354246
In base 9, what is 1 + 4153800?
4153801
In base 2, what is -11100010001100 + 101000?
-11100001100100
In base 14, what is 49 - b51?
-b06
In base 5, what is -123230 + -20?
-123300
In base 9, what is -143578 + 5?
-143573
In base 15, what is -7ad5 + 22?
-7ab3
In base 13, what is 7859 + -2?
7857
In base 2, what is -1010111010 - -10?
-1010111000
In base 6, what is -4 + -5151042?
-5151050
In base 13, what is -8ca - -1c?
-8ab
In base 9, what is -17671 - 0?
-17671
In base 7, what is -4 - -36416?
36412
In base 4, what is -101233303220 + -10?
-101233303230
In base 2, what is 1001 - 111111010111011001?
-111111010111010000
In base 16, what is -27c5 - 1?
-27c6
In base 15, what is -8 + -11e?
-127
In base 16, what is d1 - 1e9?
-118
In base 15, what is -87 + -7187?
-721e
In base 12, what is -85 - -3166?
30a1
In base 11, what is -1a3a - -15?
-1a25
In base 5, what is 4212344 - 11?
4212333
In base 15, what is -14c0 + -c?
-14cc
In base 13, what is 898 + 0?
898
In base 10, what is 16706 - 53?
16653
In base 8, what is 50553 + 1?
50554
In base 4, what is -3030232 - 132?
-3031030
In base 6, what is -20455 - 5?
-20504
In base 9, what is -10168471 + 1?
-10168470
In base 3, what is -2 + -11222021001?
-11222021010
In base 2, what is -110 + 1010001111001?
1010001110011
In base 9, what is -606 - -1211?
504
In base 4, what is -11 + 100122000?
100121323
In base 15, what is 1d79 - 99?
1cd0
In base 7, what is 204625 + 52?
205010
In base 2, what is -11011100001101 - -111100?
-11011011010001
In base 3, what is -102012 - -11121?
-20121
In base 3, what is 2200122210 - -1200?
2200201110
In base 7, what is 5 + -501264?
-501256
In base 10, what is -1212640 + 4?
-1212636
In base 2, what is 100100100 - 1001?
100011011
In base 15, what is ba3 - -ed?
ca1
In base 5, what is -12014422 + -103?
-12020030
In base 11, what is -142 + 4365?
4223
In base 5, what is -342 + 14112?
13220
In base 7, what is -110363 - 1?
-110364
In base 5, what is -322011100 + 10?
-322011040
In base 16, what is 14a16b + -1?
14a16a
In base 3, what is -12 + 11122122?
11122110
In base 12, what is 2114 + 14?
2128
In base 2, what is -101011011101111 - -10?
-101011011101101
In base 6, what is -130501 - -1?
-130500
In base 6, what is -301 - -23?
-234
In base 9, what is -3 - 24342?
-24345
In base 5, what is -242240 - -31?
-242204
In base 13, what is -2934 - 13?
-2947
In base 3, what is 2022012111 - -111?
2022012222
In base 16, what is 5 + fea8?
fead
In base 7, what is -11 - 161236?
-161250
In base 10, what is 439 + -450?
-11
In base 14, what is 349 + 64?
3ad
In base 3, what is -1020 - -1112121?
1111101
In base 7, what is -1331 - -361?
-640
In base 6, what is -210234 - -141?
-210053
In base 11, what is -8 - 3a256?
-3a263
In base 3, what is -20011000 + -211?
-20011211
In base 7, what is -315 - -11316?
11001
In base 14, what is 35 + -3c43?
-3c0c
In base 9, what is 1721287 - 4?
1721283
In base 14, what is 7c - -55b3?
5651
In base 12, what is -13666 + -2?
-13668
In base 14, what is -21a019 - 2?
-21a01b
In base 14, what is 49d2c - 2?
49d2a
In base 16, what is -16 + 7882?
786c
In base 7, what is -225 - -10321?
10063
In base 13, what is -4a8 - 5?
-4b0
In base 11, what is 1880a - 14?
187a6
In base 4, what is 10100001320 - 3?
10100001311
In base 9, what is 615 + -436?
168
In base 11, what is 1 - 79156?
-79155
In base 11, what is -4 + -a408a3?
-a408a7
In base 16, what is 373 - 3?
370
In base 11, what is 4 - -445137?
445140
In base 3, what is 121 + 20012201?
20020022
In base 12, what is a7 - 2b2?
-207
In base 16, what is 4229b + 1?
4229c
In base 8, what is -1 + -12554?
-12555
In base 14, what is -2039 + -291?
-22ca
In base 11, what is -1668 - -51?
-1617
In base 14, what is -32 + -1248?
-127a
In base 6, what is 24040 - 4150?
15450
In base 3, what is 120 + -1100001100?
-1100000210
In base 6, what is 43412 - -13?
43425
In base 15, what is 0 - 72ae5?
-72ae5
In base 7, what is 5452330 + 4?
5452334
In base 10, what is -62 - 8697?
-8759
In base 14, what is 1d226d + -5?
1d2268
In base 8, what is 10547 + 13?
10562
In base 7, what is 5 - -155006?
155014
In base 6, what is -3 + -14445121?
-14445124
In base 11, what is -1 - -16703?
16702
In base 9, what is 8 + 114014?
114023
In base 16, what is c + -184b?
-183f
In base 13, what is -3 + 132b9?
132b6
In base 12, what is -89 + 265?
198
In base 6, what is -21 + 11505?
11444
In base 2, what is -10 - -10001000001011?
10001000001001
In base 6, what is -20 - 34502?
-34522
In base 12, what is -b - -120b10?
120b01
In base 3, what is 110 + 101000120?
101001000
In base 6, what is 23 + 21024?
21051
In base 2, what is 0 - 1011010000?
-1011010000
In base 6, what is 4 - 11441501?
-11441453
In base 2, what is 110100011 + 1110100011?
10101000110
In base 14, what is -47d844 + -5?
-47d849
In base 6, what is 2 - -112201?
112203
In base 2, what is 11111001011001000 + -101?
11111001011000011
In base 6, what is 5 - 331535?
-331530
In base 3, what is 12110 + -21012?
-1202
In base 15, what is 1ddb02 - -3?
1ddb05
In base 5, what is -22023244 - 1?
-22023300
In base 5, what is -1 - 14230421?
-14230422
In base 16, what is 2 - 2412d?
-2412b
In base 5, what is 3 - 320400?
-320342
In base 9, what is -8 + 33345?
33336
In base 5, what is 124340 + -102?
124233
In base 8, what is -56142 - -20?
-56122
In base 9, what is 2263516 - -1?
2263517
In base 14, what is -2 - 218c?
-2190
In base 8, what is -1 + 1070?
1067
In base 8, what is -25573 - -44?
-25527
In base 3, what is -10020221 - -102?
-10020112
In base 12, what is -42 + -29?
-6b
In base 16, what is -46e + -fc2?
-1430
In base 8, what is 27322 - 265?
27035
In base 9, what is 8084732 - -4?
8084736
In base 13, what is -54731 - 4?
-54735
In base 5, what is -4040 + -420?
-10010
In base 10, what is 166 - 189?
-23
In base 5, what is 3233 - 10002?
-1214
In base 9, what is -47776 - 148?
-48035
In base 7, what is 0 + 131142?
131142
In base 16, what is -4 - -537a?
5376
In base 13, what is 17118 + -4?
17114
In base 5, what is 2 - 10000040?
-10000033
In base 11, what is -14653 + 4?
-1464a
In base 2, what is 1010 - 1001011100110?
-1001011011100
In base 15, what is 78 - 4e?
29
In base 14, what is 2c50 - -1d3?
3043
In base 15, what is -2 + -1b2db?
-1b2dd
In base 6, what is 0 + 13052420?
13052420
In base 12, what is 81 - 332b?
-326a
In base 10, what is -54965 - 6?
-54971
In base 15, what is 919d9 + -2?
919d7
In base 2, what is -111 - 101100101101?
-101100110100
In base 5, what is -200440 + 1033?
-144402
In base 16, what is -2e5 + 7f?
-266
In base 11, what is -12a3823 + 1?
-12a3822
In base 13, what is -3a + 6452?
6415
In base 2, what is 1011011001011101 + 100?
1011011001100001
In base 9, what is -33762 - 177?
-34050
In base 14, what is -d - -2c6ab?
2c69c
In base 8, what is 5422 + 520?
6142
In base 12, what is 815 - 18?
7b9
In base 5, what is -10322040 - -10?
-10322030
In base 7, what is -2335605 - 13?
-2335621
In base 4, what is 201 - -3?
210
In base 14, what is -6a837 - 1?
-6a838
In base 7, what is 36 + -1065?
-1026
In base 15, what is 53eaa + -3?
53ea7
In base 5, what is 1023 + 333243?
334321
In base 16, what is -11e + -97?
-1b5
In base 6, what is 12331 + -32?
12255
In base 5, what is -313102 - 4?
-313111
In base 7, what is -605 + 343?
-232
In base 16, what is 2 + -3b3?
-3b1
In base 6, what is 12103035 - 0?
12103035
In base 13, what is 3c08 - 1?
3c07
In base 4, what is 30013 - 1022?
22331
In base 8, what is 20150 + 64?
20234
In base 15, what is 4 - -ba35?
ba39
In base 9, what is 7644 + -17?
7626
In base 12, what is 2a0 - -42b?
70b
In base 6, what is -33 + 525011?
524534
In base 13, what is -4439 + 2?
-4437
In base 3, what is -1010210100 + -1010?
-1010211110
In base 14, what is -c - 21a46?
-21a54
In base 9, what is -21846 - -307?
-21538
In base 2, what is 111001001 - 11111000110000?
-11110001100111
In base 10, what is -210 + -155?
-365
In base 14, what is -26b0 + -8?
-26b8
In base 12, what is -18864 - -3?
-18861
In base 4, what is -31211 + 21?
-31130
In ba